nd 8620?
4
What is the highest common factor of 72 and 2035089?
9
Calculate the highest common factor of 5291925 and 221075.
925
Calculate the highest common factor of 560 and 15310400.
560
What is the greatest common divisor of 345820 and 108?
4
Calculate the highest common factor of 51680 and 4276928.
544
What is the highest common factor of 22839893 and 3044?
761
Calculate the highest common factor of 189 and 19851993.
189
Calculate the greatest common factor of 73 and 43105259.
73
What is the greatest common factor of 48916 and 7115531?
1747
What is the greatest common divisor of 27564 and 2526?
6
What is the highest common factor of 57225 and 218925?
525
What is the greatest common divisor of 46360223 and 333?
37
Calculate the highest common factor of 15573 and 2175.
87
Calculate the highest common factor of 23544695 and 30.
5
What is the greatest common divisor of 296814165 and 39164?
9791
What is the greatest common divisor of 2654792 and 56?
56
Calculate the greatest common factor of 2773639 and 152.
19
Calculate the greatest common factor of 98215 and 59540.
65
Calculate the greatest common divisor of 1897468 and 6739.
293
What is the greatest common factor of 433772 and 8364?
68
Calculate the highest common divisor of 978454 and 2192.
274
Calculate the highest common factor of 375 and 313041000.
375
What is the greatest common divisor of 3175805 and 51245?
1385
Calculate the highest common divisor of 90917435 and 175.
35
Calculate the greatest common factor of 1680 and 2561580.
420
Calculate the greatest common divisor of 2142738 and 1482.
78
Calculate the greatest common factor of 187 and 124441139.
17
What is the highest common factor of 4114419 and 17145?
381
Calculate the greatest common factor of 85860 and 1377540.
540
What is the highest common factor of 5550950 and 2814?
134
What is the highest common factor of 45914 and 235862?
22
Calculate the highest common divisor of 1050 and 233903075.
175
Calculate the highest common divisor of 16478534 and 1196.
46
Calculate the highest common divisor of 8862 and 5811.
3
What is the greatest common divisor of 63765 and 47970?
585
What is the highest common divisor of 246 and 172308732?
246
What is the greatest common factor of 3665 and 9856651?
733
What is the highest common divisor of 14 and 11218627?
7
Calculate the highest common divisor of 409705971 and 177.
177
Calculate the highest common factor of 3468 and 3634836.
12
What is the highest common divisor of 189978 and 42?
6
What is the highest common factor of 126 and 54296172?
126
Calculate the highest common factor of 13139877 and 23.
23
Calculate the highest common divisor of 27689991 and 357.
357
Calculate the greatest common divisor of 399 and 5507355.
21
Calculate the greatest common factor of 144 and 440856.
72
Calculate the highest common factor of 33131137 and 13.
13
Calculate the highest common factor of 3845400 and 663.
663
Calculate the highest common factor of 8592608 and 1104.
16
What is the highest common divisor of 25559 and 56984?
419
Calculate the greatest common divisor of 770 and 60412.
22
What is the greatest common divisor of 35717 and 26740?
191
Calculate the highest common factor of 124 and 57428.
4
What is the highest common factor of 14874 and 3462?
6
What is the highest common divisor of 15087056 and 5256?
584
What is the highest common factor of 10975930 and 210?
70
What is the greatest common divisor of 4678715 and 8323?
1189
Calculate the greatest common divisor of 97 and 2184672024.
97
Calculate the highest common divisor of 441 and 74068155.
441
Calculate the highest common divisor of 11401 and 68256033.
877
Calculate the highest common divisor of 66 and 1802478.
6
What is the highest common divisor of 65007 and 300951?
9
Calculate the highest common divisor of 1134 and 8703126.
162
Calculate the highest common divisor of 228 and 20402409.
57
What is the greatest common factor of 8098254 and 207?
207
Calculate the highest common divisor of 4548 and 164204403.
1137
What is the highest common divisor of 4966766 and 46935?
1043
Calculate the greatest common divisor of 1341704 and 61750.
494
What is the highest common divisor of 1372130 and 6450?
430
Calculate the greatest common divisor of 5104 and 15294136.
2552
What is the highest common divisor of 24 and 490522728?
24
What is the greatest common factor of 567 and 20133603?
567
Calculate the greatest common divisor of 92 and 128654318.
46
What is the highest common divisor of 26 and 305986382?
26
Calculate the greatest common factor of 4113642 and 130.
26
Calculate the highest common factor of 10169219 and 7113.
2371
What is the highest common divisor of 4336 and 114716?
4
What is the highest common divisor of 161 and 26416811?
23
Calculate the highest common divisor of 71996 and 4756126.
878
What is the greatest common divisor of 154 and 838362?
14
What is the greatest common factor of 162087065 and 5530?
2765
What is the highest common divisor of 95 and 127315105?
95
What is the greatest common factor of 4841208 and 403?
31
What is the highest common divisor of 6063029 and 878?
439
What is the highest common divisor of 58837 and 6980837?
3461
Calculate the highest common factor of 1053425 and 1940.
5
What is the greatest common divisor of 2167 and 39232353?
197
Calculate the greatest common divisor of 33 and 12969231.
33
What is the highest common factor of 33568 and 1408?
32
What is the greatest common divisor of 128469 and 55716616?
3893
Calculate the highest common divisor of 12785162 and 182.
26
What is the highest common divisor of 27227370 and 1326?
102
Calculate the highest common divisor of 35443268 and 4690.
938
What is the highest common divisor of 238 and 655214?
238
What is the highest common factor of 22788 and 213?
3
Calculate the highest common factor of 994255484 and 1786.
1786
Calculate the highest common factor of 7972 and 323172922.
3986
What is the greatest common factor of 658590 and 63510?
870
What is the greatest common factor of 4680614 and 37595?
73
What is the greatest common divisor of 2121 and 9690243?
303
What is the greatest common divisor of 260 and 896482210?
130
What is the highest common divisor of 546 and 4513?
1
What is the highest common factor of 29697969 and 266?
133
Calculate the highest common factor of 22568 and 1922713.
403
What is the greatest common factor of 6973002 and 82386?
414
Calculate the highest common divisor of 194508 and 5886.
54
What is the highest common divisor of 357 and 451911?
51
Calculate the highest common factor of 252 and 9303399.
63
What is the highest common divisor of 404 and 1494258236?
404
What is the greatest common factor of 5864922 and 2403?
801
Calculate the highest common factor of 2765 and 1788560.
395
Calculate the greatest common divisor of 534290512 and 14.
14
What is the highest common factor of 41457840 and 10800?
240
Calculate the greatest common divisor of 5721001 and 91234.
1573
Calculate the highest common divisor of 22843 and 12499.
431
What is the highest common factor of 10 and 20114225?
5
What is the greatest common factor of 17820 and 4985280?
540
Calculate the highest common factor of 22 and 3166537.
11
Calculate the greatest common factor of 7534 and 2223652566.
7534
What is the highest common divisor of 151095 and 35637?
21
What is the greatest common factor of 68 and 4837996?
68
Calculate the highest common divisor of 270333 and 24108.
147
Calculate the greatest common factor of 643 and 75739613.
643
Calculate the highest common divisor of 684149 and 381.
127
Calculate the greatest common factor of 25 and 33478375.
25
What is the highest common factor of 77303 and 42136?
23
Calculate the highest common divisor of 9581 and 513890.
871
Calculate the greatest common divisor of 15336 and 135378.
54
What is the highest common factor of 20620394 and 496?
62
Calculate the greatest common factor of 1101 and 257512523.
367
Calculate the highest common factor of 6004 and 113468.
76
Calculate the highest common divisor of 271836 and 108.
108
What is the highest common divisor of 364 and 767403?
91
Calculate the greatest common divisor of 1591270 and 59585.
3505
What is the highest common divisor of 1918292 and 841?
29
Calculate the greatest common factor of 2985